{"id":35,"date":"2012-05-19T23:00:10","date_gmt":"2012-05-19T23:00:10","guid":{"rendered":"http:\/\/172.20.1.223\/?page_id=35"},"modified":"2012-09-06T20:36:01","modified_gmt":"2012-09-06T20:36:01","slug":"prefinanciacion-de-exportaciones","status":"publish","type":"page","link":"https:\/\/www.provincia.com.uy\/index.php\/comercio-exterior\/prefinanciacion-de-exportaciones\/","title":{"rendered":"Prefinanciaci\u00f3n de Exportaciones"},"content":{"rendered":"<p><strong>Destino:<\/strong> Financiar el ciclo productivo de bienes y servicios destinados a la Exportaci\u00f3n.<\/p>\n<p><strong>Beneficiarios:<\/strong> Personas jur\u00eddicas debidamente calificadas.<\/p>\n<p><strong>Monto M\u00e1ximo:<\/strong> Hasta el 100% del valor FOB. Presentaci\u00f3n de cartas de cr\u00e9dito, \u00f3rdenes de compra en firme, o cualquier otra confirmaci\u00f3n a favor del solicitante que ratifique la transacci\u00f3n de exportaci\u00f3n.<\/p>\n<p><strong>Plazo M\u00e1ximo:<\/strong> Hasta un a\u00f1o o el correspondiente al ciclo productivo, conforme a la normativa vigente de acuerdo a la posici\u00f3n arancelaria.<\/p>\n<p><strong>Frecuencia de Amortizaci\u00f3n:<\/strong> Pagadera total o parcialmente en forma simult\u00e1nea con el ingreso de las divisas.<\/p>\n<p><strong>Moneda:<\/strong> Moneda extranjera.<\/p>\n<p><strong>Garant\u00eda:<\/strong> A satisfacci\u00f3n del Provincia Casa Financiera.<\/p>\n ","protected":false},"excerpt":{"rendered":"<p>Destino: Financiar el ciclo productivo de bienes y servicios destinados a la Exportaci\u00f3n. Beneficiarios: Personas jur\u00eddicas debidamente calificadas. Monto M\u00e1ximo: Hasta el 100% del valor FOB. Presentaci\u00f3n de cartas de cr\u00e9dito, \u00f3rdenes de compra en firme, o cualquier otra confirmaci\u00f3n &hellip; <a href=\"https:\/\/www.provincia.com.uy\/index.php\/comercio-exterior\/prefinanciacion-de-exportaciones\/\">Sigue leyendo <span class=\"meta-nav\">&rarr;<\/span><\/a><\/p>\n","protected":false},"author":4,"featured_media":0,"parent":20,"menu_order":6,"comment_status":"open","ping_status":"closed","template":"","meta":{"footnotes":""},"class_list":["post-35","page","type-page","status-publish","hentry"],"_links":{"self":[{"href":"https:\/\/www.provincia.com.uy\/index.php\/wp-json\/wp\/v2\/pages\/35","targetHints":{"allow":["GET"]}}],"collection":[{"href":"https:\/\/www.provincia.com.uy\/index.php\/wp-json\/wp\/v2\/pages"}],"about":[{"href":"https:\/\/www.provincia.com.uy\/index.php\/wp-json\/wp\/v2\/types\/page"}],"author":[{"embeddable":true,"href":"https:\/\/www.provincia.com.uy\/index.php\/wp-json\/wp\/v2\/users\/4"}],"replies":[{"embeddable":true,"href":"https:\/\/www.provincia.com.uy\/index.php\/wp-json\/wp\/v2\/comments?post=35"}],"version-history":[{"count":6,"href":"https:\/\/www.provincia.com.uy\/index.php\/wp-json\/wp\/v2\/pages\/35\/revisions"}],"predecessor-version":[{"id":413,"href":"https:\/\/www.provincia.com.uy\/index.php\/wp-json\/wp\/v2\/pages\/35\/revisions\/413"}],"up":[{"embeddable":true,"href":"https:\/\/www.provincia.com.uy\/index.php\/wp-json\/wp\/v2\/pages\/20"}],"wp:attachment":[{"href":"https:\/\/www.provincia.com.uy\/index.php\/wp-json\/wp\/v2\/media?parent=35"}],"curies":[{"name":"wp","href":"https:\/\/api.w.org\/{rel}","templated":true}]}}