{"id":187,"date":"2012-06-05T03:25:54","date_gmt":"2012-06-05T03:25:54","guid":{"rendered":"http:\/\/172.20.1.223\/?page_id=187"},"modified":"2018-06-07T18:06:25","modified_gmt":"2018-06-07T21:06:25","slug":"alternativas-de-inversion-que-operamos","status":"publish","type":"page","link":"https:\/\/www.provincia.com.uy\/index.php\/inversiones\/alternativas-de-inversion-que-operamos\/","title":{"rendered":"Alternativas de Inversi\u00f3n que operamos"},"content":{"rendered":"<div style=\"text-align: justify;\"><\/div>\n<ul>\n<li style=\"text-align: justify;\">Compra \/ Venta de Divisas en Mercados Internacionales.<\/li>\n<\/ul>\n<ul>\n<li style=\"text-align: justify;\">Letras de Regulaci\u00f3n Monetaria emitidas por el BCU, licitadas en el Mercado Primario.<\/li>\n<\/ul>\n<ul>\n<li style=\"text-align: justify;\">Certificados de Dep\u00f3sitos de Instituciones Financieras.<\/li>\n<\/ul>\n<ul>\n<li style=\"text-align: justify;\">Valores P\u00fablicos Nacionales.<\/li>\n<\/ul>\n<ul>\n<li style=\"text-align: justify;\">Valores P\u00fablicos Extranjeros, tanto de gobiernos Nacionales, como Regionales.<\/li>\n<\/ul>\n<ul>\n<li style=\"text-align: justify;\">Bonos Hipotecarios.<\/li>\n<\/ul>\n<ul>\n<li style=\"text-align: justify;\">Obligaciones Negociables, emitidas tanto por empresas, como por Entidades Supranacionales.<\/li>\n<\/ul>\n<ul>\n<li style=\"text-align: justify;\">Acciones cotizadas en la Bolsa de NY.<\/li>\n<\/ul>\n<ul>\n<li style=\"text-align: justify;\">ETF\u2019s (Exchange Traded Funds), sobre Renta Fija, Variable, \u00cdndices, Commodities, Regionales y otros.<\/li>\n<\/ul>\n ","protected":false},"excerpt":{"rendered":"<p>Compra \/ Venta de Divisas en Mercados Internacionales. Letras de Regulaci\u00f3n Monetaria emitidas por el BCU, licitadas en el Mercado Primario. Certificados de Dep\u00f3sitos de Instituciones Financieras. Valores P\u00fablicos Nacionales. Valores P\u00fablicos Extranjeros, tanto de gobiernos Nacionales, como Regionales. Bonos &hellip; <a href=\"https:\/\/www.provincia.com.uy\/index.php\/inversiones\/alternativas-de-inversion-que-operamos\/\">Sigue leyendo <span class=\"meta-nav\">&rarr;<\/span><\/a><\/p>\n","protected":false},"author":4,"featured_media":0,"parent":22,"menu_order":0,"comment_status":"open","ping_status":"open","template":"","meta":{"footnotes":""},"class_list":["post-187","page","type-page","status-publish","hentry"],"_links":{"self":[{"href":"https:\/\/www.provincia.com.uy\/index.php\/wp-json\/wp\/v2\/pages\/187","targetHints":{"allow":["GET"]}}],"collection":[{"href":"https:\/\/www.provincia.com.uy\/index.php\/wp-json\/wp\/v2\/pages"}],"about":[{"href":"https:\/\/www.provincia.com.uy\/index.php\/wp-json\/wp\/v2\/types\/page"}],"author":[{"embeddable":true,"href":"https:\/\/www.provincia.com.uy\/index.php\/wp-json\/wp\/v2\/users\/4"}],"replies":[{"embeddable":true,"href":"https:\/\/www.provincia.com.uy\/index.php\/wp-json\/wp\/v2\/comments?post=187"}],"version-history":[{"count":12,"href":"https:\/\/www.provincia.com.uy\/index.php\/wp-json\/wp\/v2\/pages\/187\/revisions"}],"predecessor-version":[{"id":880,"href":"https:\/\/www.provincia.com.uy\/index.php\/wp-json\/wp\/v2\/pages\/187\/revisions\/880"}],"up":[{"embeddable":true,"href":"https:\/\/www.provincia.com.uy\/index.php\/wp-json\/wp\/v2\/pages\/22"}],"wp:attachment":[{"href":"https:\/\/www.provincia.com.uy\/index.php\/wp-json\/wp\/v2\/media?parent=187"}],"curies":[{"name":"wp","href":"https:\/\/api.w.org\/{rel}","templated":true}]}}