{"id":156,"date":"2012-06-05T03:09:24","date_gmt":"2012-06-05T03:09:24","guid":{"rendered":"http:\/\/172.20.1.223\/?page_id=156"},"modified":"2012-12-07T12:03:40","modified_gmt":"2012-12-07T15:03:40","slug":"prefinanciacion-de-exportaciones-circular-1456-bcu","status":"publish","type":"page","link":"https:\/\/www.provincia.com.uy\/index.php\/comercio-exterior\/prefinanciacion-de-exportaciones-circular-1456-bcu\/","title":{"rendered":"Prefinanciaci\u00f3n de Exportaciones \u2013 Circular 1456 BCU"},"content":{"rendered":"<p style=\"text-align: justify;\">El financiamiento de exportaciones ser\u00e1 aplicable a la adquisici\u00f3n o producci\u00f3n de mercader\u00edas destinadas a la exportaci\u00f3n tradicional y no tradicional (prefinanciaci\u00f3n), as\u00ed como a la colocaci\u00f3n de \u00e9stas en el exterior hasta el momento de su cobro (postfinanciaci\u00f3n).<\/p>\n<p style=\"text-align: justify;\">Quedan excluidos del presente r\u00e9gimen las lanas sucias, el ganado ovino y bovino en pie &#8211; con excepci\u00f3n del de pedigr\u00ed y puro por cruza-, los\u00a0cueros ovinos y bovinos secos y salados, cueros y descarnes pickelados y wet-blue y los siguientes \u00edtems arancelarios correspondientes a\u00a0pescado entero, arroz c\u00e1scara, girasol, cebada cruda, avena, alpiste, sebo bovino, madera en bruto, oro en bruto, trigo y soja.<\/p>\n<p style=\"text-align: justify;\">En la concertaci\u00f3n del financiamiento de exportaciones intervienen por un lado, el Banco Central del Uruguay y por otro, un exportador y un Banco, Casa Financiera o Cooperativa de Intermediaci\u00f3n Financiera.<\/p>\n<p style=\"text-align: justify;\">Podr\u00e1n acceder a este r\u00e9gimen los exportadores directos e indirectos definidos en el art\u00edculo 8 del Decreto No.67\/975 del 23 de enero de 1975. Cuando intervenga un exportador indirecto ser\u00e1 indispensable la suscripci\u00f3n, por parte del vendedor FOB de la mercader\u00eda uruguaya en plaza y\u00a0del exportador, de una declaraci\u00f3n jurada en la que se especifique la funci\u00f3n cumplida por cada uno de ellos, asumiendo la responsabilidad\u00a0solidaria correspondiente.<\/p>\n<p style=\"text-align: justify;\">El financiamiento se constituir\u00e1 a partir del d\u00eda h\u00e1bil siguiente a que la empresa de intermediaci\u00f3n financiera presente la solicitud al Banco Central del Uruguay. La sola presentaci\u00f3n de la solicitud crediticia, autoriza al Banco Central del Uruguay a debitar el 30% del financiamiento o el 10% del mismo, de su cuenta corriente en d\u00f3lares USA, a opci\u00f3n del beneficiario.<\/p>\n<p style=\"text-align: justify;\">No se admitir\u00e1n operaciones por un monto inferior a USD 10.000,00 (diez mil d\u00f3lares U.S.A.)<\/p>\n ","protected":false},"excerpt":{"rendered":"<p>El financiamiento de exportaciones ser\u00e1 aplicable a la adquisici\u00f3n o producci\u00f3n de mercader\u00edas destinadas a la exportaci\u00f3n tradicional y no tradicional (prefinanciaci\u00f3n), as\u00ed como a la colocaci\u00f3n de \u00e9stas en el exterior hasta el momento de su cobro (postfinanciaci\u00f3n). Quedan &hellip; <a href=\"https:\/\/www.provincia.com.uy\/index.php\/comercio-exterior\/prefinanciacion-de-exportaciones-circular-1456-bcu\/\">Sigue leyendo <span class=\"meta-nav\">&rarr;<\/span><\/a><\/p>\n","protected":false},"author":4,"featured_media":0,"parent":20,"menu_order":6,"comment_status":"open","ping_status":"closed","template":"","meta":{"footnotes":""},"class_list":["post-156","page","type-page","status-publish","hentry"],"_links":{"self":[{"href":"https:\/\/www.provincia.com.uy\/index.php\/wp-json\/wp\/v2\/pages\/156","targetHints":{"allow":["GET"]}}],"collection":[{"href":"https:\/\/www.provincia.com.uy\/index.php\/wp-json\/wp\/v2\/pages"}],"about":[{"href":"https:\/\/www.provincia.com.uy\/index.php\/wp-json\/wp\/v2\/types\/page"}],"author":[{"embeddable":true,"href":"https:\/\/www.provincia.com.uy\/index.php\/wp-json\/wp\/v2\/users\/4"}],"replies":[{"embeddable":true,"href":"https:\/\/www.provincia.com.uy\/index.php\/wp-json\/wp\/v2\/comments?post=156"}],"version-history":[{"count":8,"href":"https:\/\/www.provincia.com.uy\/index.php\/wp-json\/wp\/v2\/pages\/156\/revisions"}],"predecessor-version":[{"id":160,"href":"https:\/\/www.provincia.com.uy\/index.php\/wp-json\/wp\/v2\/pages\/156\/revisions\/160"}],"up":[{"embeddable":true,"href":"https:\/\/www.provincia.com.uy\/index.php\/wp-json\/wp\/v2\/pages\/20"}],"wp:attachment":[{"href":"https:\/\/www.provincia.com.uy\/index.php\/wp-json\/wp\/v2\/media?parent=156"}],"curies":[{"name":"wp","href":"https:\/\/api.w.org\/{rel}","templated":true}]}}